[INFO] fetching crate riker-log 0.2.4...
[INFO] checking riker-log-0.2.4 against try#72f88fc4e9458f89516a0b8b0868f3718aec5b47 for pr-74989
[INFO] extracting crate riker-log 0.2.4 into /workspace/builds/worker-4/source
[INFO] validating manifest of crates.io crate riker-log 0.2.4 on toolchain 72f88fc4e9458f89516a0b8b0868f3718aec5b47
[INFO] running `Command { std: "/workspace/cargo-home/bin/cargo" "+72f88fc4e9458f89516a0b8b0868f3718aec5b47" "read-manifest" "--manifest-path" "Cargo.toml", kill_on_drop: false }`
[INFO] started tweaking crates.io crate riker-log 0.2.4
[INFO] finished tweaking crates.io crate riker-log 0.2.4
[INFO] tweaked toml for crates.io crate riker-log 0.2.4 written to /workspace/builds/worker-4/source/Cargo.toml
[INFO] running `Command { std: "/workspace/cargo-home/bin/cargo" "+72f88fc4e9458f89516a0b8b0868f3718aec5b47" "generate-lockfile" "--manifest-path" "Cargo.toml" "-Zno-index-update", kill_on_drop: false }`
[INFO] running `Command { std: "/workspace/cargo-home/bin/cargo" "+72f88fc4e9458f89516a0b8b0868f3718aec5b47" "fetch" "--locked" "--manifest-path" "Cargo.toml", kill_on_drop: false }`
[INFO] running `Command { std: "docker" "create" "-v" "/var/lib/crater-agent-workspace/builds/worker-4/target:/opt/rustwide/target:rw,Z" "-v" "/var/lib/crater-agent-workspace/builds/worker-4/source:/opt/rustwide/workdir:ro,Z" "-v" "/var/lib/crater-agent-workspace/cargo-home:/opt/rustwide/cargo-home:ro,Z" "-v" "/var/lib/crater-agent-workspace/rustup-home:/opt/rustwide/rustup-home:ro,Z" "-e" "SOURCE_DIR=/opt/rustwide/workdir" "-e" "CARGO_TARGET_DIR=/opt/rustwide/target" "-e" "CARGO_HOME=/opt/rustwide/cargo-home" "-e" "RUSTUP_HOME=/opt/rustwide/rustup-home" "-w" "/opt/rustwide/workdir" "-m" "1610612736" "--user" "0:0" "--network" "none" "rustops/crates-build-env@sha256:d92eaeed33fa75130ca1ee6c8a01d1ffb62bac859dfdfb3450e3e5d1c0146529" "/opt/rustwide/cargo-home/bin/cargo" "+72f88fc4e9458f89516a0b8b0868f3718aec5b47" "metadata" "--no-deps" "--format-version=1", kill_on_drop: false }`
[INFO] [stdout] 31cbfb185afafc0f4253b2f9c0e23502211f1dd6ad1145ffa2ec3054bee502c0
[INFO] [stderr] WARNING: Your kernel does not support swap limit capabilities or the cgroup is not mounted. Memory limited without swap.
[INFO] running `Command { std: "docker" "start" "-a" "31cbfb185afafc0f4253b2f9c0e23502211f1dd6ad1145ffa2ec3054bee502c0", kill_on_drop: false }`
[INFO] running `Command { std: "docker" "inspect" "31cbfb185afafc0f4253b2f9c0e23502211f1dd6ad1145ffa2ec3054bee502c0", kill_on_drop: false }`
[INFO] running `Command { std: "docker" "rm" "-f" "31cbfb185afafc0f4253b2f9c0e23502211f1dd6ad1145ffa2ec3054bee502c0", kill_on_drop: false }`
[INFO] [stdout] 31cbfb185afafc0f4253b2f9c0e23502211f1dd6ad1145ffa2ec3054bee502c0
[INFO] running `Command { std: "docker" "create" "-v" "/var/lib/crater-agent-workspace/builds/worker-4/target:/opt/rustwide/target:rw,Z" "-v" "/var/lib/crater-agent-workspace/builds/worker-4/source:/opt/rustwide/workdir:ro,Z" "-v" "/var/lib/crater-agent-workspace/cargo-home:/opt/rustwide/cargo-home:ro,Z" "-v" "/var/lib/crater-agent-workspace/rustup-home:/opt/rustwide/rustup-home:ro,Z" "-e" "SOURCE_DIR=/opt/rustwide/workdir" "-e" "CARGO_TARGET_DIR=/opt/rustwide/target" "-e" "CARGO_INCREMENTAL=0" "-e" "RUST_BACKTRACE=full" "-e" "RUSTFLAGS=--cap-lints=forbid" "-e" "CARGO_HOME=/opt/rustwide/cargo-home" "-e" "RUSTUP_HOME=/opt/rustwide/rustup-home" "-w" "/opt/rustwide/workdir" "-m" "1610612736" "--user" "0:0" "--network" "none" "rustops/crates-build-env@sha256:d92eaeed33fa75130ca1ee6c8a01d1ffb62bac859dfdfb3450e3e5d1c0146529" "/opt/rustwide/cargo-home/bin/cargo" "+72f88fc4e9458f89516a0b8b0868f3718aec5b47" "check" "--frozen" "--all" "--all-targets" "--message-format=json", kill_on_drop: false }`
[INFO] [stdout] 854550490d4e118503749fc048f08c7f5aa4f041ef9862a767ab65295f79ce45
[INFO] [stderr] WARNING: Your kernel does not support swap limit capabilities or the cgroup is not mounted. Memory limited without swap.
[INFO] running `Command { std: "docker" "start" "-a" "854550490d4e118503749fc048f08c7f5aa4f041ef9862a767ab65295f79ce45", kill_on_drop: false }`
[INFO] [stderr]    Compiling libc v0.2.77
[INFO] [stderr]    Compiling autocfg v1.0.1
[INFO] [stderr]     Checking serde v0.8.23
[INFO] [stderr]     Checking futures-sink-preview v0.3.0-alpha.19
[INFO] [stderr]    Compiling version_check v0.1.5
[INFO] [stderr]     Checking futures-core-preview v0.3.0-alpha.19
[INFO] [stderr]     Checking futures-io-preview v0.3.0-alpha.19
[INFO] [stderr]     Checking pin-utils v0.1.0
[INFO] [stderr]     Checking rust-ini v0.13.0
[INFO] [stderr]     Checking runtime-fmt v0.3.0
[INFO] [stderr]     Checking thread_local v1.0.1
[INFO] [stderr]     Checking log v0.4.11
[INFO] [stderr]     Checking aho-corasick v0.6.10
[INFO] [stdout] error[E0433]: failed to resolve: could not find `Position` in `v1`
[INFO] [stdout]    --> /opt/rustwide/cargo-home/registry/src/github.com-1ecc6299db9ec823/runtime-fmt-0.3.0/src/lib.rs:522:39
[INFO] [stdout]     |
[INFO] [stdout] 522 |                         position: v1::Position::At(i),
[INFO] [stdout]     |                                       ^^^^^^^^ not found in `v1`
[INFO] [stdout]     |
[INFO] [stdout] help: consider importing this enum
[INFO] [stdout]     |
[INFO] [stdout] 38  | use fmt_macros::Position;
[INFO] [stdout]     |
[INFO] [stdout] 
[INFO] [stdout] 
[INFO] [stdout] error[E0433]: failed to resolve: could not find `Position` in `v1`
[INFO] [stdout]    --> /opt/rustwide/cargo-home/registry/src/github.com-1ecc6299db9ec823/runtime-fmt-0.3.0/src/lib.rs:544:39
[INFO] [stdout]     |
[INFO] [stdout] 544 |                         position: v1::Position::At(argument_pos),
[INFO] [stdout]     |                                       ^^^^^^^^ not found in `v1`
[INFO] [stdout]     |
[INFO] [stdout] help: consider importing this enum
[INFO] [stdout]     |
[INFO] [stdout] 38  | use fmt_macros::Position;
[INFO] [stdout]     |
[INFO] [stdout] 
[INFO] [stdout] 
[INFO] [stderr]     Checking futures-channel-preview v0.3.0-alpha.19
[INFO] [stdout] error[E0495]: cannot infer an appropriate lifetime for autoref due to conflicting requirements
[INFO] [stdout]    --> /opt/rustwide/cargo-home/registry/src/github.com-1ecc6299db9ec823/runtime-fmt-0.3.0/src/lib.rs:195:33
[INFO] [stdout]     |
[INFO] [stdout] 195 |         let pieces = self.inner.pieces();
[INFO] [stdout]     |                                 ^^^^^^
[INFO] [stdout]     |
[INFO] [stdout] note: first, the lifetime cannot outlive the lifetime `'s` as defined on the impl at 175:6...
[INFO] [stdout]    --> /opt/rustwide/cargo-home/registry/src/github.com-1ecc6299db9ec823/runtime-fmt-0.3.0/src/lib.rs:175:6
[INFO] [stdout]     |
[INFO] [stdout] 175 | impl<'s, T: FormatArgs> PreparedFormat<'s, T> {
[INFO] [stdout]     |      ^^
[INFO] [stdout] note: ...so that the type `Parsed<'s, DelayedParse<T>>` is not borrowed for too long
[INFO] [stdout]    --> /opt/rustwide/cargo-home/registry/src/github.com-1ecc6299db9ec823/runtime-fmt-0.3.0/src/lib.rs:195:22
[INFO] [stdout]     |
[INFO] [stdout] 195 |         let pieces = self.inner.pieces();
[INFO] [stdout]     |                      ^^^^^^^^^^
[INFO] [stdout]     = note: but, the lifetime must be valid for the static lifetime...
[INFO] [stdout] note: ...so that the expression is assignable
[INFO] [stdout]    --> /opt/rustwide/cargo-home/registry/src/github.com-1ecc6299db9ec823/runtime-fmt-0.3.0/src/lib.rs:201:58
[INFO] [stdout]     |
[INFO] [stdout] 201 |             Some(ref fmt) => Arguments::new_v1_formatted(&pieces, &args, fmt),
[INFO] [stdout]     |                                                          ^^^^^^^
[INFO] [stdout]     = note: expected `&[&'static str]`
[INFO] [stdout]                found `&[&str]`
[INFO] [stdout] 
[INFO] [stdout] 
[INFO] [stdout] error[E0495]: cannot infer an appropriate lifetime for autoref due to conflicting requirements
[INFO] [stdout]    --> /opt/rustwide/cargo-home/registry/src/github.com-1ecc6299db9ec823/runtime-fmt-0.3.0/src/lib.rs:266:33
[INFO] [stdout]     |
[INFO] [stdout] 266 |         let pieces = self.inner.pieces();
[INFO] [stdout]     |                                 ^^^^^^
[INFO] [stdout]     |
[INFO] [stdout] note: first, the lifetime cannot outlive the lifetime `'s` as defined on the impl at 246:6...
[INFO] [stdout]    --> /opt/rustwide/cargo-home/registry/src/github.com-1ecc6299db9ec823/runtime-fmt-0.3.0/src/lib.rs:246:6
[INFO] [stdout]     |
[INFO] [stdout] 246 | impl<'s> FormatBuf<'s> {
[INFO] [stdout]     |      ^^
[INFO] [stdout] note: ...so that the type `Parsed<'s, ImmediateParse<'s>>` is not borrowed for too long
[INFO] [stdout]    --> /opt/rustwide/cargo-home/registry/src/github.com-1ecc6299db9ec823/runtime-fmt-0.3.0/src/lib.rs:266:22
[INFO] [stdout]     |
[INFO] [stdout] 266 |         let pieces = self.inner.pieces();
[INFO] [stdout]     |                      ^^^^^^^^^^
[INFO] [stdout]     = note: but, the lifetime must be valid for the static lifetime...
[INFO] [stdout] note: ...so that the expression is assignable
[INFO] [stdout]    --> /opt/rustwide/cargo-home/registry/src/github.com-1ecc6299db9ec823/runtime-fmt-0.3.0/src/lib.rs:268:58
[INFO] [stdout]     |
[INFO] [stdout] 268 |             Some(ref fmt) => Arguments::new_v1_formatted(&pieces, &self.inner.args, fmt),
[INFO] [stdout]     |                                                          ^^^^^^^
[INFO] [stdout]     = note: expected `&[&'static str]`
[INFO] [stdout]                found `&[&str]`
[INFO] [stdout] 
[INFO] [stdout] 
[INFO] [stderr]     Checking regex v1.3.9
[INFO] [stderr]     Checking regex v0.2.11
[INFO] [stdout] error[E0599]: no method named `is_xid_start` found for type `char` in the current scope
[INFO] [stdout]    --> /opt/rustwide/cargo-home/registry/src/github.com-1ecc6299db9ec823/runtime-fmt-0.3.0/src/fmt_macros.rs:422:34
[INFO] [stdout]     |
[INFO] [stdout] 422 |             Some(&(pos, c)) if c.is_xid_start() => {
[INFO] [stdout]     |                                  ^^^^^^^^^^^^ method not found in `char`
[INFO] [stdout] 
[INFO] [stdout] 
[INFO] [stdout] error[E0599]: no method named `is_xid_continue` found for type `char` in the current scope
[INFO] [stdout]    --> /opt/rustwide/cargo-home/registry/src/github.com-1ecc6299db9ec823/runtime-fmt-0.3.0/src/fmt_macros.rs:431:18
[INFO] [stdout]     |
[INFO] [stdout] 431 |             if c.is_xid_continue() {
[INFO] [stdout]     |                  ^^^^^^^^^^^^^^^ method not found in `char`
[INFO] [stdout] 
[INFO] [stdout] 
[INFO] [stdout] error: aborting due to 6 previous errors
[INFO] [stdout] 
[INFO] [stdout] 
[INFO] [stdout] Some errors have detailed explanations: E0433, E0495, E0599.
[INFO] [stdout] 
[INFO] [stdout] For more information about an error, try `rustc --explain E0433`.
[INFO] [stdout] 
[INFO] [stderr] error: could not compile `runtime-fmt`.
[INFO] [stderr] 
[INFO] [stderr] To learn more, run the command again with --verbose.
[INFO] [stderr] warning: build failed, waiting for other jobs to finish...
[INFO] [stderr] error: build failed
[INFO] running `Command { std: "docker" "inspect" "854550490d4e118503749fc048f08c7f5aa4f041ef9862a767ab65295f79ce45", kill_on_drop: false }`
[INFO] running `Command { std: "docker" "rm" "-f" "854550490d4e118503749fc048f08c7f5aa4f041ef9862a767ab65295f79ce45", kill_on_drop: false }`
[INFO] [stdout] 854550490d4e118503749fc048f08c7f5aa4f041ef9862a767ab65295f79ce45
